{"version":"1.0","provider_name":"Roman Wagner","provider_url":"https:\/\/optik.roman-wagner.de\/fr\/","author_name":"RomanWagner","author_url":"https:\/\/optik.roman-wagner.de\/fr\/author\/romanwagner\/","title":"\u00c0 la d\u00e9couverte de la \u00ab mode luneti\u00e8re \u00bb","type":"rich","width":600,"height":338,"html":"<blockquote class=\"wp-embedded-content\" data-secret=\"Hc7cFxf7yo\"><a href=\"https:\/\/optik.roman-wagner.de\/fr\/2023\/02\/a-la-decouverte-de-la-mode-lunetiere\/\">\u00c0 la d\u00e9couverte de la \u00ab mode luneti\u00e8re \u00bb<\/a><\/blockquote><iframe sandbox=\"allow-scripts\" security=\"restricted\" src=\"https:\/\/optik.roman-wagner.de\/fr\/2023\/02\/a-la-decouverte-de-la-mode-lunetiere\/embed\/#?secret=Hc7cFxf7yo\" width=\"600\" height=\"338\" title=\"\u00ab\u00a0\u00c0 la d\u00e9couverte de la \u00ab mode luneti\u00e8re \u00bb\u00a0\u00bb &#8212; Roman Wagner\" data-secret=\"Hc7cFxf7yo\" frameborder=\"0\" marginwidth=\"0\" marginheight=\"0\" scrolling=\"no\" class=\"wp-embedded-content\"><\/iframe><script type=\"text\/javascript\">\n\/* <![CDATA[ *\/\n\/*! This file is auto-generated *\/\n!function(d,l){\"use strict\";l.querySelector&&d.addEventListener&&\"undefined\"!=typeof URL&&(d.wp=d.wp||{},d.wp.receiveEmbedMessage||(d.wp.receiveEmbedMessage=function(e){var t=e.data;if((t||t.secret||t.message||t.value)&&!\/[^a-zA-Z0-9]\/.test(t.secret)){for(var s,r,n,a=l.querySelectorAll('iframe[data-secret=\"'+t.secret+'\"]'),o=l.querySelectorAll('blockquote[data-secret=\"'+t.secret+'\"]'),c=new RegExp(\"^https?:$\",\"i\"),i=0;i<o.length;i++)o[i].style.display=\"none\";for(i=0;i<a.length;i++)s=a[i],e.source===s.contentWindow&&(s.removeAttribute(\"style\"),\"height\"===t.message?(1e3<(r=parseInt(t.value,10))?r=1e3:~~r<200&&(r=200),s.height=r):\"link\"===t.message&&(r=new URL(s.getAttribute(\"src\")),n=new URL(t.value),c.test(n.protocol))&&n.host===r.host&&l.activeElement===s&&(d.top.location.href=t.value))}},d.addEventListener(\"message\",d.wp.receiveEmbedMessage,!1),l.addEventListener(\"DOMContentLoaded\",function(){for(var e,t,s=l.querySelectorAll(\"iframe.wp-embedded-content\"),r=0;r<s.length;r++)(t=(e=s[r]).getAttribute(\"data-secret\"))||(t=Math.random().toString(36).substring(2,12),e.src+=\"#?secret=\"+t,e.setAttribute(\"data-secret\",t)),e.contentWindow.postMessage({message:\"ready\",secret:t},\"*\")},!1)))}(window,document);\n\/\/# sourceURL=https:\/\/optik.roman-wagner.de\/wp-includes\/js\/wp-embed.min.js\n\/* ]]> *\/\n<\/script>\n","thumbnail_url":"https:\/\/optik.roman-wagner.de\/wp-content\/uploads\/2023\/02\/MIDO-News-2023.jpg","thumbnail_width":650,"thumbnail_height":302,"description":"Roman Wagner se rend au salon MIDO 2023 \u00e0 Milan. Les derni\u00e8res tendances de la mode luneti\u00e8re en mati\u00e8re de couleurs, de formes, de mat\u00e9riaux, etc., ont \u00e9t\u00e9 pr\u00e9sent\u00e9es aux professionnels de l\u2019optique venus du monde entier."}

À la découverte de la « mode lunetière »

<blockquote class="wp-embedded-content" data-secret="Hc7cFxf7yo"><a href="https://optik.roman-wagner.de/fr/2023/02/a-la-decouverte-de-la-mode-lunetiere/">À la découverte de la « mode lunetière »</a></blockquote><iframe sandbox="allow-scripts" security="restricted" src="https://optik.roman-wagner.de/fr/2023/02/a-la-decouverte-de-la-mode-lunetiere/embed/#?secret=Hc7cFxf7yo" width="600" height="338" title="« À la découverte de la « mode lunetière » » &#8212; Roman Wagner" data-secret="Hc7cFxf7yo" frameborder="0" marginwidth="0" marginheight="0" scrolling="no" class="wp-embedded-content"></iframe><script type="text/javascript">
/* <![CDATA[ */
/*! This file is auto-generated */
!function(d,l){"use strict";l.querySelector&&d.addEventListener&&"undefined"!=typeof URL&&(d.wp=d.wp||{},d.wp.receiveEmbedMessage||(d.wp.receiveEmbedMessage=function(e){var t=e.data;if((t||t.secret||t.message||t.value)&&!/[^a-zA-Z0-9]/.test(t.secret)){for(var s,r,n,a=l.querySelectorAll('iframe[data-secret="'+t.secret+'"]'),o=l.querySelectorAll('blockquote[data-secret="'+t.secret+'"]'),c=new RegExp("^https?:$","i"),i=0;i<o.length;i++)o[i].style.display="none";for(i=0;i<a.length;i++)s=a[i],e.source===s.contentWindow&&(s.removeAttribute("style"),"height"===t.message?(1e3<(r=parseInt(t.value,10))?r=1e3:~~r<200&&(r=200),s.height=r):"link"===t.message&&(r=new URL(s.getAttribute("src")),n=new URL(t.value),c.test(n.protocol))&&n.host===r.host&&l.activeElement===s&&(d.top.location.href=t.value))}},d.addEventListener("message",d.wp.receiveEmbedMessage,!1),l.addEventListener("DOMContentLoaded",function(){for(var e,t,s=l.querySelectorAll("iframe.wp-embedded-content"),r=0;r<s.length;r++)(t=(e=s[r]).getAttribute("data-secret"))||(t=Math.random().toString(36).substring(2,12),e.src+="#?secret="+t,e.setAttribute("data-secret",t)),e.contentWindow.postMessage({message:"ready",secret:t},"*")},!1)))}(window,document);
//# sourceURL=https://optik.roman-wagner.de/wp-includes/js/wp-embed.min.js
/* ]]> */
</script>

Roman Wagner se rend au salon MIDO 2023 à Milan. Les dernières tendances de la mode lunetière en matière de couleurs, de formes, de matériaux, etc., ont été présentées aux professionnels de l’optique venus du monde entier.
